What are the prime factors of 139779?
3, 31, 167
List the prime factors of 1098643.
7, 13, 12073
List the prime factors of 7860175.
5, 314407
What are the prime factors of 1101320?
2, 5, 11, 2503
What are the prime factors of 836983?
7, 119569
What are the prime factors of 330833?
47, 7039
What are the prime factors of 210635?
5, 103, 409
What are the prime factors of 98700?
2, 3, 5, 7, 47
What are the prime factors of 1035440?
2, 5, 7, 43
What are the prime factors of 84497?
7, 12071
What are the prime factors of 66255?
3, 5, 7, 631
List the prime factors of 292783.
113, 2591
List the prime factors of 849754.
2, 83, 5119
List the prime factors of 7638248.
2, 401, 2381
List the prime factors of 17603338.
2, 1259, 6991
List the prime factors of 13109764.
2, 163, 20107
What are the prime factors of 119629?
17, 31, 227
What are the prime factors of 841474?
2, 420737
What are the prime factors of 10386948?
2, 3, 11, 13, 6053
List the prime factors of 30947.
7, 4421
List the prime factors of 1700096.
2, 29, 229
List the prime factors of 1589778.
2, 3, 88321
What are the prime factors of 20245238?
2, 13, 778663
What are the prime factors of 1657485?
3, 5, 36833
What are the prime factors of 470080?
2, 5, 13, 113
What are the prime factors of 2846318?
2, 1423159
What are the prime factors of 543604?
2, 37, 3673
List the prime factors of 2784957.
3, 7, 17, 29, 269
What are the prime factors of 2682597?
3, 61, 107, 137
What are the prime factors of 1548099?
3, 7, 8191
List the prime factors of 19991995.
5, 3998399
What are the prime factors of 24455067?
3, 7, 13, 67, 191
What are the prime factors of 2981975?
5, 181, 659
List the prime factors of 2058.
2, 3, 7
What are the prime factors of 43375935?
3, 5, 2891729
What are the prime factors of 1793784?
2, 3, 31, 2411
List the prime factors of 2702787.
3, 900929
What are the prime factors of 3327373?
7, 29, 37, 443
List the prime factors of 6277.
6277
What are the prime factors of 199096?
2, 41, 607
List the prime factors of 270000.
2, 3, 5
List the prime factors of 29095360.
2, 5, 7, 31, 419
What are the prime factors of 24414492?
2, 3, 2034541
List the prime factors of 23156302.
2, 13, 37, 24071
What are the prime factors of 404180?
2, 5, 7, 2887
List the prime factors of 22415882.
2, 11207941
List the prime factors of 2363684.
2, 590921
List the prime factors of 36885015.
3, 5, 131, 6257
List the prime factors of 11120145.
3, 5, 741343
What are the prime factors of 455489?
455489
What are the prime factors of 1258527?
3, 17, 24677
List the prime factors of 14214348.
2, 3, 127, 3109
What are the prime factors of 74111?
37, 2003
List the prime factors of 12162.
2, 3, 2027
What are the prime factors of 741476?
2, 185369
List the prime factors of 5115595.
5, 59, 17341
List the prime factors of 90704.
2, 5669
List the prime factors of 9752741.
61, 2621
List the prime factors of 726429.
3, 11, 22013
What are the prime factors of 874352?
2, 54647
What are the prime factors of 5585382?
2, 3, 11, 9403
What are the prime factors of 277550?
2, 5, 7, 13, 61
List the prime factors of 3333978.
2, 3, 185221
List the prime factors of 2016350.
2, 5, 7, 823
List the prime factors of 17220630.
2, 3, 5, 7, 82003
List the prime factors of 168516.
2, 3, 31, 151
List the prime factors of 2730956.
2, 682739
What are the prime factors of 18366876?
2, 3, 11, 46381
List the prime factors of 2046130.
2, 5, 204613
List the prime factors of 359709.
3, 7, 2447
List the prime factors of 4421652.
2, 3, 368471
What are the prime factors of 3455058?
2, 3, 179, 3217
What are the prime factors of 52841?
53, 997
What are the prime factors of 74076?
2, 3, 6173
List the prime factors of 8881064.
2, 1110133
What are the prime factors of 346628?
2, 193, 449
What are the prime factors of 123342?
2, 3, 61, 337
What are the prime factors of 18160?
2, 5, 227
What are the prime factors of 1700323?
17, 100019
List the prime factors of 11092252.
2, 67, 41389
List the prime factors of 15216848.
2, 951053
What are the prime factors of 148717?
127, 1171
List the prime factors of 769707.
3, 85523
List the prime factors of 123348.
2, 3, 19, 541
What are the prime factors of 82490?
2, 5, 73, 113
List the prime factors of 6140470.
2, 5, 7, 87721
List the prime factors of 283163.
283163
What are the prime factors of 379479?
3, 126493
List the prime factors of 15205298.
2, 37, 205477
List the prime factors of 164146.
2, 82073
What are the prime factors of 14832?
2, 3, 103
List the prime factors of 1016579.
233, 4363
What are the prime factors of 811327?
11, 73757
What are the prime factors of 4916989?
7, 11, 63857
What are the prime factors of 1914296?
2, 239287
What are the prime factors of 3652977?
3, 17, 41, 1747
What are the prime factors of 1742279?
7, 11, 17
What are the prime factors of 14591?
14591
List the prime factors of 658706.
2, 29, 41, 277
List the prime factors of 1340063.
853, 1571
What are the prime factors of 69887?
17, 4111
What are the prime factors of 2610981?
3, 96703
List the prime factors of 1338481.
1338481
List the prime factors of 441886.
2, 109, 2027
What are the prime factors of 1430099?
11, 53, 223
What are the prime factors of 406319?
29, 14011
What are the prime factors of 4344524?
2, 41, 59, 449
List the prime factors of 1079952.
2, 3, 149, 151
List the prime factors of 127037.
127037
List the prime factors of 9124083.
3, 112643
List the prime factors of 27083758.
2, 13, 97, 10739
List the prime factors of 5131199.
5131199
What are the prime factors of 8651754?
2, 3, 83, 5791
List the prime factors of 136719.
3, 11, 1381
List the prime factors of 3862804.
2, 11, 23, 347
What are the prime factors of 5506115?
5, 853, 1291
List the prime factors of 73460.
2, 5, 3673
List the prime factors of 4308900.
2, 3, 5, 53, 271
List the prime factors of 780484.
2, 195121
What are the prime factors of 319911?
3, 106637
What are the prime factors of 511109?
511109
What are the prime factors of 1395533?
1395533
List the prime factors of 962468.
2, 13, 83, 223
List the prime factors of 3606459.
3, 1202153
List the prime factors of 261886.
2, 37, 3539
List the prime factors of 1140531.
3, 7, 54311
List the prime factors of 1147608.
2, 3, 7, 11, 23
What are the prime factors of 19084845?
3, 5, 13, 97871
What are the prime factors of 564286?
2, 282143
List the prime factors of 216793.
431, 503
List the prime factors of 202415.
5, 40483
List the prime factors of 1057660.
2, 5, 52883
What are the prime factors of 8542030?
2, 5, 7, 122029
List the prime factors of 3964174.
2, 1982087
List the prime factors of 556734.
2, 3, 92789
What are the prime factors of 26889832?
2, 3361229
List the prime factors of 13998131.
7, 1999733
List the prime factors of 13198630.
2, 5, 17, 4567
List the prime factors of 4129178.
2, 2064589
What are the prime factors of 1731689?
131, 13219
List the prime factors of 5970179.
17, 23, 15269
What are the prime factors of 499960?
2, 5, 29, 431
List the prime factors of 17804559.
3, 17, 349109
List the prime factors of 5753584.
2, 359599
List the prime factors of 3063316.
2, 347, 2207
List the prime factors of 403943.
67, 6029
List the prime factors of 969045.
3, 5, 7, 11, 839
List the prime factors of 391567.
11, 35597
What are the prime factors of 2690701?
13, 23, 8999
What are the prime factors of 311866?
2, 19, 29, 283
List the prime factors of 148804.
2, 37201
What are the prime factors of 446278?
2, 7, 127, 251
List the prime factors of 111384.
2, 3, 7, 13, 17
What are the prime factors of 3853768?
2, 481721
List the prime factors of 195355.
5, 89, 439
List the prime factors of 5364479.
19, 349, 809
What are the prime factors of 974528?
2, 15227
What are the prime factors of 126402?
2, 3, 21067
What are the prime factors of 610185?
3, 5, 19, 2141
What are the prime factors of 16273?
16273
List the prime factors of 2167397.
383, 5659
What are the prime factors of 327697?
67, 73
What are the prime factors of 150465?
3, 5, 7, 1433
What are the prime factors of 3735368?
2, 7, 13, 733
List the prime factors of 770241.
3, 19, 13513
What are the prime factors of 52673?
52673
List the prime factors of 95659.
17, 331
What are the prime factors of 141868?
2, 29, 1223
List the prime factors of 496975.
5, 103, 193
What are t